{"id":508,"date":"2024-02-26T08:26:42","date_gmt":"2024-02-26T08:26:42","guid":{"rendered":"https:\/\/cavin.rivaxstudio.com\/main\/?page_id=508"},"modified":"2024-02-26T08:26:42","modified_gmt":"2024-02-26T08:26:42","slug":"about-2","status":"publish","type":"page","link":"https:\/\/cuongnguyen.bat.io.vn\/index.php\/about-2\/","title":{"rendered":"About"},"content":{"rendered":"\t\t<div data-elementor-type=\"wp-page\" data-elementor-id=\"508\" class=\"elementor elementor-508\">\n\t\t\t\t<div class=\"elementor-element elementor-element-a03390c e-flex e-con-boxed e-con e-parent\" data-id=\"a03390c\" data-element_type=\"container\">\n\t\t\t\t\t<div class=\"e-con-inner\">\n\t\t<div class=\"elementor-element elementor-element-1148274 e-con-full e-flex e-con e-child\" data-id=\"1148274\" data-element_type=\"container\">\n\t\t\t\t<div class=\"elementor-element elementor-element-7f8af3e elementor-widget elementor-widget-heading\" data-id=\"7f8af3e\" data-element_type=\"widget\" data-widget_type=\"heading.default\">\n\t\t\t\t<div class=\"elementor-widget-container\">\n\t\t\t\t\t<h2 class=\"elementor-heading-title elementor-size-default\">Gi\u1edbi thi\u1ec7u<\/h2>\t\t\t\t<\/div>\n\t\t\t\t<\/div>\n\t\t\t\t<div class=\"elementor-element elementor-element-67cfa61 elementor-widget elementor-widget-heading\" data-id=\"67cfa61\" data-element_type=\"widget\" data-widget_type=\"heading.default\">\n\t\t\t\t<div class=\"elementor-widget-container\">\n\t\t\t\t\t<h5 class=\"elementor-heading-title elementor-size-default\">To live is to fight - S\u1ed1ng \u0111\u1ec3 chi\u1ebfn \u0111\u1ea5u!\n<\/h5>\t\t\t\t<\/div>\n\t\t\t\t<\/div>\n\t\t\t\t<div class=\"elementor-element elementor-element-36f1030 gallery-spacing-custom elementor-widget elementor-widget-image-gallery\" data-id=\"36f1030\" data-element_type=\"widget\" data-widget_type=\"image-gallery.default\">\n\t\t\t\t<div class=\"elementor-widget-container\">\n\t\t\t\t\t\t\t<div class=\"elementor-image-gallery\">\n\t\t\t\t\t<\/div>\n\t\t\t\t\t\t<\/div>\n\t\t\t\t<\/div>\n\t\t\t\t<div class=\"elementor-element elementor-element-d969558 elementor-widget elementor-widget-heading\" data-id=\"d969558\" data-element_type=\"widget\" data-widget_type=\"heading.default\">\n\t\t\t\t<div class=\"elementor-widget-container\">\n\t\t\t\t\t<h2 class=\"elementor-heading-title elementor-size-default\">T\u1ea1i sao b\u1ea1n l\u1ea1i ch\u1ecdn t\u00f4i v\u00e0 t\u00f4i ch\u1ecdn b\u1ea1n?\n<\/h2>\t\t\t\t<\/div>\n\t\t\t\t<\/div>\n\t\t\t\t<div class=\"elementor-element elementor-element-f88c6d1 elementor-widget elementor-widget-testimonial\" data-id=\"f88c6d1\" data-element_type=\"widget\" data-widget_type=\"testimonial.default\">\n\t\t\t\t<div class=\"elementor-widget-container\">\n\t\t\t\t\t\t\t<div class=\"elementor-testimonial-wrapper\">\n\t\t\t\t\t\t\t<div class=\"elementor-testimonial-content\">Cu\u1ed9c s\u1ed1ng l\u00e0 cho \u0111i v\u00e0 nh\u1eadn l\u1ea1i, h\u00e3y c\u1ee9 chia s\u1ebb nh\u1eefng \u0111i\u1ec1u m\u00ecnh bi\u1ebft nh\u1eefng \u0111i\u1ec1u m\u00ecnh \u0111\u00e3 tr\u1ea3i nghi\u1ec7m bi\u1ebft \u0111\u00e2u s\u1ebd gi\u00fap \u0111\u01b0\u1ee3c ai \u0111\u00f3 khi h\u1ecd c\u1ea7n.<\/div>\n\t\t\t\n\t\t\t\t\t\t<div class=\"elementor-testimonial-meta\">\n\t\t\t\t<div class=\"elementor-testimonial-meta-inner\">\n\t\t\t\t\t\n\t\t\t\t\t\t\t\t\t\t<div class=\"elementor-testimonial-details\">\n\t\t\t\t\t\t\t\t\t\t\t\t\t\t<div class=\"elementor-testimonial-name\">Cuong Knight<\/div>\n\t\t\t\t\t\t\t\t\t\t\t\t\t\t\t\t\t\t\t\t\t\t<div class=\"elementor-testimonial-job\">Blogger<\/div>\n\t\t\t\t\t\t\t\t\t\t\t\t\t<\/div>\n\t\t\t\t\t\t\t\t\t<\/div>\n\t\t\t<\/div>\n\t\t\t\t\t<\/div>\n\t\t\t\t\t\t<\/div>\n\t\t\t\t<\/div>\n\t\t<div class=\"elementor-element elementor-element-9b938b5 e-flex e-con-boxed e-con e-child\" data-id=\"9b938b5\" data-element_type=\"container\" data-settings=\"{&quot;background_background&quot;:&quot;classic&quot;}\">\n\t\t\t\t\t<div class=\"e-con-inner\">\n\t\t\t\t<div class=\"elementor-element elementor-element-dd50e14 elementor-widget elementor-widget-heading\" data-id=\"dd50e14\" data-element_type=\"widget\" data-widget_type=\"heading.default\">\n\t\t\t\t<div class=\"elementor-widget-container\">\n\t\t\t\t\t<h3 class=\"elementor-heading-title elementor-size-default\">YouTube Channel\n<\/h3>\t\t\t\t<\/div>\n\t\t\t\t<\/div>\n\t\t\t\t<div class=\"elementor-element elementor-element-e3d6fd4 elementor-widget elementor-widget-heading\" data-id=\"e3d6fd4\" data-element_type=\"widget\" data-widget_type=\"heading.default\">\n\t\t\t\t<div class=\"elementor-widget-container\">\n\t\t\t\t\t<h4 class=\"elementor-heading-title elementor-size-default\">C\u0169ng c\u00f3 m\u1ed9t k\u00eanh ri\u00eang v\u1edbi t\u00ean Cuong Knight nh\u01b0ng ch\u1eafc \u00edt ng\u01b0\u1eddi \u0111\u1ec3 \u00fd v\u00ec c\u0169ng ch\u1eb3ng c\u00f3 n\u1ed9i dung g\u00ec \u0111\u1eb7c s\u1eafc. Khi n\u00e0o c\u00f3 1000 ng\u01b0\u1eddi theo d\u00f5i l\u00fac \u0111\u00f3 m\u1edbi b\u1eaft tay l\u00e0m n\u1ed9i dung. \n\n<\/h4>\t\t\t\t<\/div>\n\t\t\t\t<\/div>\n\t\t\t\t<div class=\"elementor-element elementor-element-0646f4c elementor-align-center elementor-widget elementor-widget-button\" data-id=\"0646f4c\" data-element_type=\"widget\" data-widget_type=\"button.default\">\n\t\t\t\t<div class=\"elementor-widget-container\">\n\t\t\t\t\t\t\t\t\t<div class=\"elementor-button-wrapper\">\n\t\t\t\t\t<a class=\"elementor-button elementor-button-link elementor-size-sm\" href=\"#\">\n\t\t\t\t\t\t<span class=\"elementor-button-content-wrapper\">\n\t\t\t\t\t\t<span class=\"elementor-button-icon\">\n\t\t\t\t<svg aria-hidden=\"true\" class=\"e-font-icon-svg e-far-bell\" viewBox=\"0 0 448 512\" xmlns=\"http:\/\/www.w3.org\/2000\/svg\"><path d=\"M439.39 362.29c-19.32-20.76-55.47-51.99-55.47-154.29 0-77.7-54.48-139.9-127.94-155.16V32c0-17.67-14.32-32-31.98-32s-31.98 14.33-31.98 32v20.84C118.56 68.1 64.08 130.3 64.08 208c0 102.3-36.15 133.53-55.47 154.29-6 6.45-8.66 14.16-8.61 21.71.11 16.4 12.98 32 32.1 32h383.8c19.12 0 32-15.6 32.1-32 .05-7.55-2.61-15.27-8.61-21.71zM67.53 368c21.22-27.97 44.42-74.33 44.53-159.42 0-.2-.06-.38-.06-.58 0-61.86 50.14-112 112-112s112 50.14 112 112c0 .2-.06.38-.06.58.11 85.1 23.31 131.46 44.53 159.42H67.53zM224 512c35.32 0 63.97-28.65 63.97-64H160.03c0 35.35 28.65 64 63.97 64z\"><\/path><\/svg>\t\t\t<\/span>\n\t\t\t\t\t\t\t\t\t<span class=\"elementor-button-text\">Subscribe<\/span>\n\t\t\t\t\t<\/span>\n\t\t\t\t\t<\/a>\n\t\t\t\t<\/div>\n\t\t\t\t\t\t\t\t<\/div>\n\t\t\t\t<\/div>\n\t\t\t\t\t<\/div>\n\t\t\t\t<\/div>\n\t\t\t\t<\/div>\n\t\t<div class=\"rivax-sticky-column elementor-element elementor-element-2221d27 e-con-full e-flex e-con e-child\" data-id=\"2221d27\" data-element_type=\"container\">\n\t\t<div class=\"elementor-element elementor-element-79c96d2 cavin-box e-flex e-con-boxed e-con e-child\" data-id=\"79c96d2\" data-element_type=\"container\">\n\t\t\t\t\t<div class=\"e-con-inner\">\n\t\t\t\t\t<\/div>\n\t\t\t\t<\/div>\n\t\t<div class=\"elementor-element elementor-element-ecd9098 cavin-box e-flex e-con-boxed e-con e-child\" data-id=\"ecd9098\" data-element_type=\"container\">\n\t\t\t\t\t<div class=\"e-con-inner\">\n\t\t\t\t<div class=\"elementor-element elementor-element-50b5bba elementor-widget elementor-widget-heading\" data-id=\"50b5bba\" data-element_type=\"widget\" data-widget_type=\"heading.default\">\n\t\t\t\t<div class=\"elementor-widget-container\">\n\t\t\t\t\t<p class=\"elementor-heading-title elementor-size-default\">Nh\u1eadn th\u00f4ng b\u00e1o v\u1ec1 c\u00e1c \u01b0u \u0111\u00e3i t\u1ed1t nh\u1ea5t cho c\u00e1c d\u1ecbch v\u1ee5  c\u1ee7a t\u00f4i.<\/p>\t\t\t\t<\/div>\n\t\t\t\t<\/div>\n\t\t\t\t\t<\/div>\n\t\t\t\t<\/div>\n\t\t\t\t<\/div>\n\t\t\t\t\t<\/div>\n\t\t\t\t<\/div>\n\t\t\t\t<\/div>\n\t\t","protected":false},"excerpt":{"rendered":"<p>Gi\u1edbi thi\u1ec7u To live is to fight &#8211; S\u1ed1ng \u0111\u1ec3 chi\u1ebfn \u0111\u1ea5u! T\u00f4i l\u00e0 m\u1ed9t blogger v\u1edbi mong mu\u1ed1n chia s\u1ebb \u0111\u1ec3 s\u1ebb chia, sinh ra v\u00e0 l\u1edbn l\u00ean t\u1ea1i \u0111\u1ea5t n\u01b0\u1edbc h\u00ecnh ch\u1eef S \u0111\u00f3 ch\u00ednh l\u00e0 Vi\u1ec7t Nam.\u00a0 Cu\u1ed9c s\u1ed1ng c\u00f3 nhi\u1ec1u \u0111i\u1ec1u kh\u00e1m ph\u00e1 v\u00e0 tr\u1ea3i nghi\u1ec7m, n\u01a1i \u0111\u00e2y \u0111\u1ec3 t\u00f4i chia [&hellip;]<\/p>\n","protected":false},"author":1,"featured_media":0,"parent":0,"menu_order":0,"comment_status":"closed","ping_status":"closed","template":"","meta":{"footnotes":""},"class_list":["post-508","page","type-page","status-publish","hentry"],"blocksy_meta":[],"_links":{"self":[{"href":"https:\/\/cuongnguyen.bat.io.vn\/index.php\/wp-json\/wp\/v2\/pages\/508","targetHints":{"allow":["GET"]}}],"collection":[{"href":"https:\/\/cuongnguyen.bat.io.vn\/index.php\/wp-json\/wp\/v2\/pages"}],"about":[{"href":"https:\/\/cuongnguyen.bat.io.vn\/index.php\/wp-json\/wp\/v2\/types\/page"}],"author":[{"embeddable":true,"href":"https:\/\/cuongnguyen.bat.io.vn\/index.php\/wp-json\/wp\/v2\/users\/1"}],"replies":[{"embeddable":true,"href":"https:\/\/cuongnguyen.bat.io.vn\/index.php\/wp-json\/wp\/v2\/comments?post=508"}],"version-history":[{"count":1,"href":"https:\/\/cuongnguyen.bat.io.vn\/index.php\/wp-json\/wp\/v2\/pages\/508\/revisions"}],"predecessor-version":[{"id":1405,"href":"https:\/\/cuongnguyen.bat.io.vn\/index.php\/wp-json\/wp\/v2\/pages\/508\/revisions\/1405"}],"wp:attachment":[{"href":"https:\/\/cuongnguyen.bat.io.vn\/index.php\/wp-json\/wp\/v2\/media?parent=508"}],"curies":[{"name":"wp","href":"https:\/\/api.w.org\/{rel}","templated":true}]}}